f**2 - 154*f - 70. Give p(40).
170
Let w(c) = 2*c**3 - 121*c**2 + 166*c - 231. What is w(59)?
-880
Let r(l) = -24*l**3 - 134*l**2 + 16*l + 51. Determine r(-4).
-621
Let q(c) = -253*c - 1104. Calculate q(-4).
-92
Let g(y) = -15609*y + 93345. Calculate g(6).
-309
Let f(g) = -g**3 + 42*g**2 + 214*g - 1339. What is f(46)?
41
Let w(x) = 855*x - 52837. Determine w(62).
173
Let p(d) = -d**2 - 1049*d - 23563. Give p(-23).
35
Let g(n) = -854514*n - 8545112. Determine g(-10).
28
Let g(y) = -2903*y - 11598. Calculate g(-4).
14
Let t(h) = -75*h**2 - 858*h + 27. What is t(-11)?
390
Let o(y) = 4297*y - 829313. What is o(193)?
8
Let f(b) = -2*b**3 - 254*b**2 + 6571*b + 2231. Give f(-149).
-4
Let j(s) = -1098*s + 6518. Calculate j(6).
-70
Let n(g) = g**3 + 51*g**2 + 611*g + 89. Give n(-32).
-7
Let r(v) = -39*v**2 - 582*v + 4003. Give r(-20).
43
Let v(k) = 3*k**2 - 5168*k + 46494. Give v(9).
225
Let s(n) = 526496*n + 3685475. Give s(-7).
3
Let u(l) = -404*l - 10024. Calculate u(-20).
-1944
Let n(v) = -336*v**2 + 139*v + 140. Calculate n(-1).
-335
Let w(o) = -117*o + 3549. Determine w(33).
-312
Let s(j) = 2*j**3 - 15*j**2 - 245*j - 1525. What is s(-7)?
-1231
Let c(h) = 2*h**3 - 121*h**2 + 1255*h - 71710. Give c(60).
-10
Let o(l) = -94*l**3 + 29*l + 65. Calculate o(-2).
759
Let v(o) = 2*o**3 - 100*o**2 + 83*o + 58. Give v(49).
-677
Let v(z) = -z**3 - 200*z**2 + 4218*z + 12504. What is v(-219)?
21
Let j(y) = -y**2 + 103*y + 4586. Calculate j(-33).
98
Let j(r) = r**2 + 28212*r + 1295636. Calculate j(-46).
0
Let o(b) = -2*b**3 + 959*b**2 - 2338*b - 22417. Determine o(477).
2
Let v(i) = -59*i**2 - 36519*i + 1153. Determine v(-619).
-85
Let r(v) = -3*v**3 + 5*v**2 + 57*v - 236. Determine r(6).
-362
Let w(z) = -1351*z**2 + 696*z - 1409. Calculate w(2).
-5421
Let l(m) = 6*m**3 - 6*m**2 - 41*m + 41. Calculate l(1).
0
Let c(j) = 1279*j + 156176. Give c(-122).
138
Let w(s) = 23*s**2 - 1066*s - 1855. Give w(48).
-31
Let b(r) = -233*r**2 - 488*r + 489. What is b(1)?
-232
Let m(y) = y**2 - 91*y - 3496. Calculate m(103).
-2260
Let n(c) = -3639*c - 2423583. Determine n(-666).
-9
Let q(y) = -y**3 - 7*y**2 + 100*y - 8. Calculate q(7).
6
Let a(g) = -g**2 - 493*g - 8860. Calculate a(-19).
146
Let p(s) = -3*s**3 + 264*s**2 - 89*s + 7839. Calculate p(88).
7
Let g(i) = i**3 - 20*i**2 - 822*i - 141. Determine g(-20).
299
Let x(y) = -y**3 - 327*y**2 - 10982*y + 3. Determine x(-289).
3
Let j(y) = y**2 - 81144*y - 243457. Give j(-3).
-16
Let v(u) = -u**3 - 322*u**2 + 80*u + 25891. Determine v(-322).
131
Let n(s) = 14*s**3 - 4*s**2 - 620*s - 1. What is n(0)?
-1
Let l(q) = -1292*q + 215851. Determine l(167).
87
Let q(z) = -48*z**3 - 1922*z**2 - 132*z - 1959. Give q(-40).
121
Let y(g) = 1284*g - 105221. Calculate y(81).
-1217
Let r(y) = 568*y - 26705. Determine r(47).
-9
Let s(q) = 2*q**2 + 81*q - 801. Calculate s(-47).
-190
Let s(q) = 72*q**3 + 488*q**2 - 109*q + 81. Determine s(-7).
60
Let v(l) = -852*l - 417485. Determine v(-490).
-5
Let p(w) = 43889*w + 131651. What is p(-3)?
-16
Let x(u) = u**3 + 176*u**2 - 122*u + 9986. Calculate x(-177).
251
Let w(k) = 152*k + 5529. Give w(-37).
-95
Let x(t) = 27*t**2 - 127*t + 719. What is x(6)?
929
Let g(f) = -f**3 - 17*f**2 + 55*f - 54. What is g(-16)?
-1190
Let y(h) = 207*h + 5683. Calculate y(-21).
1336
Let f(z) = 2*z**3 + 258*z**2 - 7345*z + 20. Calculate f(24).
-4
Let n(d) = 237*d - 41688. Determine n(176).
24
Let y(x) = -2*x**3 - 63*x**2 + 55*x + 24. Give y(-33).
1476
Let c(h) = 2156*h**3 + 2278*h + 2276. Calculate c(-1).
-2158
Let p(g) = g**3 + 16*g**2 - 9*g - 229. Give p(0).
-229
Let c(a) = 16*a**3 + 6783*a**2 - 1074*a - 275589. What is c(-424)?
11
Let j(g) = -g**3 + 162*g**2 + 4097*g - 46478. Give j(183).
4
Let w(i) = -10685*i**2 - 10745*i - 58. Determine w(-1).
2
Let k(f) = -2*f**3 + 171*f**2 - 565*f - 719. Give k(82).
19
Let f(p) = 1279*p + 13066. What is f(-10)?
276
Let t(q) = 10*q**3 - 1803*q**2 + 626*q - 15480. Give t(180).
0
Let o(t) = -3*t**3 - 249*t**2 + 264*t + 22. Determine o(-84).
-986
Let l(u) = -6305*u - 624110. What is l(-99)?
85
Let g(k) = -k**3 - 319*k**2 - 1565*k - 396551. Give g(-318).
-5
Let z(s) = -96*s + 1990. Give z(24).
-314
Let s(l) = -3*l**3 - 38*l**2 - 35*l - 1087. Determine s(-13).
-463
Let x(s) = -11*s**2 + 99*s + 49. Calculate x(9).
49
Let b(x) = -608*x + 123242. Calculate b(203).
-182
Let i(r) = -r**3 + 53*r**2 - 490*r + 12009. What is i(48)?
9
Let i(k) = 8638*k - 43194. What is i(5)?
-4
Let y(j) = -58379*j + 2918947. What is y(50)?
-3
Let t(l) = -359*l - 93796. Calculate t(-261).
-97
Let h(z) = -z**3 - 39*z**2 + 203*z + 3267. What is h(-42)?
33
Let k(r) = r**3 - 27*r**2 + 6*r + 1094. Determine k(25).
-6
Let y(b) = 46*b**2 - 1033*b + 25. Determine y(22).
-437
Let n(i) = -5*i**2 - 156*i + 242. What is n(-38)?
-1050
Let w(i) = -574*i**3 + 32*i**2 + 55*i - 2. Give w(-2).
4608
Let r(a) = 372*a - 6604. Give r(16).
-652
Let w(p) = 22342*p - 446783. What is w(20)?
57
Let d(z) = 3674*z + 4249. What is d(-1)?
575
Let x(a) = a**2 - 16037*a - 2. Determine x(0).
-2
Let z(w) = -4*w**3 + 2124*w**2 + 3*w - 1606. Calculate z(531).
-13
Let g(p) = 38*p**2 + 11692*p + 34991. Calculate g(-3).
257
Let m(b) = 51*b**2 - 149*b - 20. Determine m(3).
-8
Let n(d) = 9*d**3 - 331*d**2 + 1891*d - 92. Calculate n(7).
13
Let l(c) = 7*c**3 + 159*c**2 + 846*c + 57. Determine l(-9).
219
Let w(j) = j**3 + 8*j**2 - 6879*j - 61808. What is w(-9)?
22
Let v(w) = 717936*w + 17230463. Determine v(-24).
-1
Let z(f) = -1093*f - 45842. Give z(-42).
64
Let w(a) = 560*a + 7205. Determine w(-13).
-75
Let p(n) = -7*n**2 - 287*n + 9116. What is p(-62)?
2
Let z(h) = -960*h**3 - 6*h**2 - 136*h - 132. What is z(-1)?
958
Let r(k) = -2*k**3 - 35*k**2 - 157*k - 72. Give r(-8).
-32
Let b(s) = -4*s**3 + 1564*s**2 + 1568*s - 2. Calculate b(392).
-2
Let k(m) = -9035*m + 54330. Calculate k(6).
120
Let z(o) = -190*o**2 + 9513*o - 666. Give z(50).
-16
Let k(n) = 137*n + 8919. Calculate k(-42).
3165
Let m(k) = -87318*k - 523914. Give m(-6).
-6
Let t(h) = -10*h**2 + 517*h + 19172. What is t(-25)?
-3
Let u(l) = -1174030*l - 14088350. What is u(-12)?
10
Let z(g) = -4*g**3 + 5*g**2 - 114*g + 179. What is z(9)?
-3358
Let a(y) = -y**2 - 123*y + 5443. Give a(31).
669
Let z(c) = 3*c**3 - 108*c**2 - 1203*c - 303. Determine z(-9).
-411
Let m(o) = -o**2 + 5326*o - 1979444. Give m(402).
4
Let t(w) = -1093*w - 212037. What is t(-194)?
5
Let d(w) = 313*w + 16297. Give d(-52).
21
Let q(n) = 3*n**2 + 810*n + 39145. Calculate q(-63).
22
Let h(r) = 7*r**3 - r**2 - 1739*r + 1738. Determine h(1).
5
Let h(c) = -4*c**2 + 104*c + 1293. Give h(36).
-147
Let q(d) = -2*d**3 - d**2 - 230*d - 8. Determine q(0).
-8
Let v(r) = 6449*r**2 - 12957*r - 12. Calculate v(2).
-130
Let q(m) = 3*m**2 + 406*m - 33382. What is q(-193)?
7
Let x(r) = -r**3 - 91*r**2 + 286*r + 450. What is x(-94)?
74
Let s(t) = 105447*t - 632673. Determine s(6).
9
Let a(l) = 3*l**3 + 18*l**2 - 6*l + 30. What is a(-5)?
135
Let t(v) = -3*v**3 - 12*v**2 - 176*v - 1075. Calculate t(-6).
197
Let f(g) = -578*g - 71577. Give f(-124).
95
Let x(h) = -739*h + 1077. Determine x(3).
-1140
Let f(h) = 9665*h - 57986. What is f(6)?
4
Let a(i) = 6795*i + 849358. Give a(-125).
-17
Let o(s) = 87*s**2 + 1738*s + 8704. Give o(-5).
2189
Let w(x) = 3*x**3 - 37*x**2 - 1530*x + 19576. Give w(13).
24
Let a(v) = 5*v**2 - 235*v + 231. Give a(45).
-219
Let s(z) = z**3 + 18*z**2 + 49*z + 238. What is s(-18)?
-644
Let m(w) = 26636*w - 292985. What is m(11)?
11
Let g(y) = y**3 - 26*y**2 + 14*y + 40. What is g(26)?
404
Let f(o) = 6*o**3 - 16*o**2 - 77*o + 188. Give f(4).
8
Let p(d) = -4*d**3 - 9*d**2 - 10*d - 35. Give p(-6).
565
Let i(m) = 101780*m + 1628473. Determine i(-16).
-7
Let l(q) = 18*q**2 + 6023*q + 15430. Calculate l(-332).
-174
Let t(v) = -47*v**2 - 1125*v - 3363. Calculate t(-3).
-411
Let k(q) = 2*q**2 - 13427*q + 321095. Determine k(24).
-1
Let m(b) = -b**3 - 724*b**2 + 5114*b + 26. Give m(7).
5
Let b(i) = -i**3 - 35*i**2 - 4*i + 78. Determine b(0).
78
Let k(u) = -314*u**2 - 1580*u + 17. What is k(-5)?
67
Let v(s) = -s**3 + 84*s**2 + 438*s - 30241. Determine v(85).
-236
Let v(k) = 13*k**2 + 42*k + 179. Give v(-5).
294
Let u(f) = 698*f + 11786. Determine u(-20).
-2174
Let n(x) = 2*x**3 + 10*x**2 - 261*x - 1564. What is n(-11)?
-145
Let w(d) = 3*d*